10001011010010100 (base 2) to base 3.
-121221102101
185823 (base 9) to base 2
11100010010001011
What is -1043b2 (base 13) in base 14?
-9ca73
-30597b (base 15) to base 9
-4281068
2941910 (base 11) to base 15
69c551
Convert 323028 (base 9) to base 3.
100210000222
Convert -d4710 (base 14) to base 2.
-1111100111100011010
What is -4b8c20 (base 13) in base 8?
-6740535
Convert -20031320123 (base 4) to base 3.
-11001102202012
What is 10011000100011 (base 2) in base 12?
5797
-212000103133 (base 4) to base 7
-150452554
Convert -4322320044 (base 5) to base 12.
-30a9b64
What is -523311 (base 14) in base 6?
-135250123
-2524384 (base 9) to base 7
-14453146
Convert -9812 (base 15) to base 16.
-7dc0
-110011111100111001000 (base 2) to base 3
-10012111011210
What is 483004 (base 10) in base 7?
4051114
What is 203021203113 (base 4) in base 9?
18303413
Convert 1121200 (base 7) to base 8.
420663
What is 4040413 (base 7) in base 13?
13a884
Convert -21519 (base 10) to base 5.
-1142034
Convert 13323203 (base 5) to base 6.
2525513
Convert aa4b8 (base 16) to base 12.
2977b4
Convert 12121220102 (base 3) to base 2.
11011000010010010
Convert 1121120 (base 4) to base 8.
13130
Convert -110111000010111011011 (base 2) to base 14.
-34d4a7
What is 1010312112 (base 4) in base 7?
2253114
2cd9d (base 14) to base 2
11011011100111111
Convert -113330124 (base 5) to base 6.
-15143230
What is -117562 (base 10) in base 7?
-666514
Convert -10390a (base 13) to base 10.
-379415
What is -1100110110010001000110 (base 2) in base 10?
-3368006
Convert 74d45 (base 16) to base 2.
1110100110101000101
What is -1361 (base 8) in base 16?
-2f1
Convert -13324501 (base 6) to base 10.
-446869
Convert 2333210220 (base 4) to base 5.
200102210
Convert 329926 (base 10) to base 16.
508c6
Convert 361779 (base 10) to base 13.
c8892
Convert -3a3785 (base 12) to base 10.
-960149
Convert -201113203 (base 4) to base 12.
-67117
271527 (base 8) to base 13
34367
-1aa6a (base 13) to base 16
-cc55
Convert 14420140 (base 5) to base 2.
100101101100110100
10b40 (base 13) to base 11
20992
What is 23130120131 (base 4) in base 11?
1769905
220104413 (base 6) to base 3
21101120001200
Convert 303726 (base 8) to base 12.
4a072
Convert 16226 (base 12) to base 5.
2001142
Convert -101110122022 (base 3) to base 4.
-302103131
-10319a1 (base 13) to base 10
-4916341
-1100110100011111101101 (base 2) to base 11
-1995a87
-113103402 (base 5) to base 10
-519227
-431215153 (base 6) to base 11
-4337242
94e0 (base 15) to base 11
21723
12233132121 (base 4) to base 11
aa78a6
-5577 (base 15) to base 13
-8323
33130525 (base 6) to base 10
991637
11306752 (base 8) to base 11
1431120
Convert 55832 (base 10) to base 6.
1110252
What is 28c765 (base 13) in base 5?
223424304
Convert -118556a (base 11) to base 8.
-7661564
1653b (base 15) to base 2
10001100101111000
536a57 (base 14) to base 7
32664640
What is 1049 (base 15) in base 11?
2651
-101011000111100000110 (base 2) to base 16
-158f06
Convert 100c8 (base 14) to base 4.
21123000
1404799 (base 12) to base 7
45623520
What is 79913 (base 11) in base 3?
12212112100
Convert -21767 (base 16) to base 10.
-137063
1001101101111011010 (base 2) to base 10
318426
-121120000012 (base 3) to base 2
-1001111100011101100
Convert -130531 (base 9) to base 5.
-10013130
What is -1a701 (base 11) in base 14?
-a6d1
-1b8789 (base 12) to base 8
-1700531
What is 11b2661 (base 13) in base 2?
10101000011000111000000
What is 84335 (base 10) in base 16?
1496f
What is 120121002212 (base 3) in base 15?
60e5b
Convert -143699 (base 13) to base 15.
-9b248
-a62a3 (base 14) to base 7
-3260363
-7647474 (base 8) to base 14
-3b5ac4
Convert 2623b1 (base 13) to base 16.
e05d5
Convert -1202141 (base 6) to base 12.
-30351
Convert 344951 (base 11) to base 14.
103ac2
Convert 10000001001011101011100 (base 2) to base 15.
589387
Convert -16889 (base 14) to base 13.
-1c996
Convert -55424222 (base 7) to base 15.
-64621b
53522 (base 12) to base 2
11010110000101010
Convert -18502 (base 13) to base 11.
-32333
What is -12484077 (base 10) in base 7?
-211053504
What is -91dbbc (base 16) in base 14?
-13ab83a
What is -18d6bb (base 15) in base 3?
-2021110111112
Convert 4441244 (base 7) to base 12.
2250a5
What is -a7111 (base 11) in base 15?
-312aa
-100242434 (base 5) to base 4
-1201212000
-10111010001111110011101 (base 2) to base 5
-3030243231
-2329178 (base 12) to base 3
-110202020112202
What is 1000210101120 (base 3) in base 13?
161cb8
What is -12111021212112 (base 3) in base 16?
-2c89a6
1100000001110010010010 (base 2) to base 11
1863a22
3234770 (base 8) to base 10
866808
-31105321 (base 7) to base 5
-1131410322
220111101000200 (base 3) to base 5
11313032041
What is 250356433 (base 7) in base 5?
13010241041
What is -31a9a (base 14) in base 5?
-12320323
What is -1703846 (base 10) in base 14?
-324d14
-315060 (base 9) to base 4
-231300033
What is -17da2 (base 14) in base 7?
-340562
-5a1639 (base 16) to base 12
-1b88761
Convert 12bcc1 (base 14) to base 15.
cbc26
-1224740 (base 8) to base 6
-11130400
What is -445263 (base 7) in base 4?
-103031202
-200212100211002 (base 3) to base 4
-212033231030
10100001110010010111100 (base 2) to base 7
63030040
What is -6a989 (base 14) in base 9?
-435360
Convert 198e08 (base 16) to base 3.
10011002100011
-114464 (base 9) to base 8
-206454
What is -1ec712 (base 15) in base 8?
-5605511
What is -10022000221120 (base 3) in base 4?
-12223312131
What is -21021220000211 (base 3) in base 14?
-72c454
What is 1210102121111 (base 3) in base 10?
953248
-589068 (base 10) to base 15
-b9813
837d4 (base 16) to base 13
15b1b3
Convert 4954a (base 11) to base 15.
1616c
Convert -20130012213 (base 4) to base 15.
-2da743
43266245 (base 7) to base 14
6c35cc
Convert 105455113 (base 6) to base 16.
1dc775
What is 15767144 (base 8) in base 7?
43104420
213301300 (base 4) to base 7
1246003
-4e39a0 (base 15) to base 8
-16254726
What is -512100245 (base 6) in base 4?
-201133113011
What is -11111100001111100 (base 2) in base 8?
-374174
Convert -21500126 (base 7) to base 8.
-7033007
Convert 1011011011011000100001 (base 2) to base 4.
23123120201
What is 1161aa (base 11) in base 8?
547157
Convert -120202122001210 (base 3) to base 5.
-4121041331
1511266 (base 11) to base 14
4b7018
Convert -9a665e (base 15) to base 12.
-2570722
-210121211212112 (base 3) to base 5
-10420214422
Convert 10001110110111010111011 (base 2) to base 6.
244201055
What is -106114 (base 13) in base 11?
-243002
-1b3018 (base 12) to base 16
-75b54
2807d (base 14) to base 9
160583
10211122222001 (base 3) to base 2
111110010001001111101
-401430 (base 7) to base 2
-10000100011001100
Convert 2001040 (base 5) to base 16.
7aa3
Convert -591a8 (base 16) to base 10.
-364968
What is 1211303000 (base 4) in base 7?
3354425
-7b16e5 (base 16) to base 8
-36613345
Convert -1022320223 (base 4) to base 12.
-12960b
What is -1c33c2 (base 13) in base 3?
-1100122102010
Convert -6203461 (base 9) to base 3.
-20020010112001
77c1 (base 15) to base 3
1021211001
Convert -133230131031 (base 4) to base 2.
-11111101100011101001101
Convert 56217 (base 10) to base 8.
155631
Convert -1202023 (base 9) to base 10.
-651018
Convert 15c451 (base 13) to base 9.
1014347
What is 5b380 (base 15) in base 6?
10123233
Convert -30355342 (base 6) to base 4.
-3110212232
222100201000 (base 3) to base 13
152202
What is -176558 (base 9) in base 11?
-75556
Convert 3420432243 (base 5) to base 13.
175acc4
Convert -13550326 (base 7) to base 2.
-100110110101101111001
221121212 (base 4) to base 15
3539e
What is -1134771 (base 9) in base 16?
-95d58
What is -4525313 (base 6) in base 16?
-37fad
31119 (base 10) to base 7
156504
What is 101011110000100011111 (base 2) in base 12?
591967
What is 11000011001011000011 (base 2) in base 4?
3003023003
What is -221928 (base 14) in base 8?
-4323640
What is 17540727 (base 9) in base 10?
8825137
Convert -16301003 (base 7) to base 12.
-642578
1102102002112 (base 3) to base 12
305635
What is 1146192 (base 10) in base 3?
2011020021120
Convert -100113110 (base 4) to base 5.
-4121103
-13004403 (base 7) to base 8
-4374715
Convert 12344253 (base 7) to base 8.
4214166
538388 (base 9) to base 10
321083
What is 72574b (base 12) in base 16?
1b5beb
What is e2d4 (base 16) in base 12?
29730
Convert 6230166 (base 7) to base 15.
